{"id":3,"date":"2020-02-26T09:43:54","date_gmt":"2020-02-26T08:43:54","guid":{"rendered":"http:\/\/serwer1455567.home.pl\/autoinstalator\/wordpressplugins\/?page_id=3"},"modified":"2020-03-13T19:35:59","modified_gmt":"2020-03-13T18:35:59","slug":"polityka-prywatnosci","status":"publish","type":"page","link":"https:\/\/marinasuchorska.pl\/index.php\/polityka-prywatnosci\/","title":{"rendered":"Polityka prywatno\u015bci"},"content":{"rendered":"<div class=\"wpb-content-wrapper\"><p>[vc_row][vc_column][dfd_spacer screen_wide_spacer_size=&#8221;150&#8243; screen_normal_resolution=&#8221;1024&#8243; screen_tablet_resolution=&#8221;800&#8243; screen_mobile_resolution=&#8221;480&#8243;][dfd_heading subtitle=&#8221;&#8221; content_alignment=&#8221;text-left&#8221; enable_delimiter=&#8221;&#8221; undefined=&#8221;&#8221; title_font_options=&#8221;tag:h2&#8243; subtitle_font_options=&#8221;tag:div&#8221; title_google_fonts=&#8221;yes&#8221; title_custom_fonts=&#8221;font_family:Lato%3A100%2C100italic%2C300%2C300italic%2Cregular%2Citalic%2C700%2C700italic%2C900%2C900italic|font_style:100%20light%20regular%3A100%3Anormal&#8221;]<\/p>\n<p>Polityka prywatno\u015bci<\/p>\n<p>[\/dfd_heading][dfd_spacer screen_wide_spacer_size=&#8221;50&#8243; screen_normal_resolution=&#8221;1024&#8243; screen_tablet_resolution=&#8221;800&#8243; screen_mobile_resolution=&#8221;480&#8243;][\/vc_column][\/vc_row][vc_row][vc_column][vc_column_text]Wszelkie dane osobowe w portalu marinasuchorska.pl s\u0105 gromadzone oraz przechowywane zgodnie z przepisami rozporz\u0105dzenia Parlamentu Europejskiego i Rady (UE) 2016\/679 z dnia 27 kwietnia 2016\u00a0r. w sprawie ochrony os\u00f3b fizycznych w zwi\u0105zku z przetwarzaniem danych osobowych i w sprawie swobodnego przep\u0142ywu takich danych oraz uchylenia dyrektywy 95\/46\/WE og\u00f3lne rozporz\u0105dzenie o ochronie danych (RODO) oraz ustawy z dnia 18 lipca 2002 r. o \u015bwiadczeniu us\u0142ug drog\u0105 elektroniczn\u0105.<\/p>\n<p>ZAKRES DANYCH<\/p>\n<p>Na potrzeby \u015bwiadczenia us\u0142ug na Portalu przetwarzane s\u0105 dane osobowe U\u017cytkownik\u00f3w takie jak: adres e-mail, imi\u0119 i nazwisko.<\/p>\n<p>ADMINISTRATOR DANYCH OSOBOWYCH<\/p>\n<p>Administratorem danych osobowych jest:<\/p>\n<p><em>MARINA SUCHORSKA<\/em>&#8211;<em>PAWLACZYK QUADRAT<\/em><\/p>\n<p>Pozna\u0144, ul . \u015bw. Jerzego, 61-546<\/p>\n<p>NIP 782-24-10-029<\/p>\n<p>CEL PRZETWARZANIA DANYCH OSOBOWYCH<\/p>\n<p>Dane osobowe U\u017cytkownik\u00f3w s\u0105 gromadzone, przechowywane i wykorzystywane przez Portal za zgod\u0105 os\u00f3b, kt\u00f3rych dotycz\u0105, zgodnie z prawem i z zachowaniem nale\u017cytych procedur oraz w spos\u00f3b gwarantuj\u0105cy ich bezpiecze\u0144stwo. <em>MARINA SUCHORSKA<\/em>&#8211;<em>PAWLACZYK QUADRAT<\/em> mo\u017ce wykorzystywa\u0107 dane osobowe tylko i wy\u0142\u0105cznie w celu zapewnienia w\u0142a\u015bciwej obs\u0142ugi U\u017cytkownik\u00f3w, dla cel\u00f3w \u015bwiadczenia Us\u0142ug, zg\u0142aszania reklamacji oraz komunikacji z U\u017cytkownikami.<\/p>\n<p>OKRES PRZECHOWYWANIA DANYCH<\/p>\n<p><em>MARINA SUCHORSKA<\/em>&#8211;<em>PAWLACZYK QUADRAT<\/em> przechowuje dane osobowe U\u017cytkownik\u00f3w jedynie przez czas, jaki jest niezb\u0119dny dla zrealizowania cel\u00f3w, dla kt\u00f3rych dane zosta\u0142y zebrane.<\/p>\n<p>Dane osobowe mog\u0105 by\u0107 przechowywane d\u0142u\u017cej, je\u017celi obowi\u0105zek taki wynika z przepis\u00f3w prawa lub jest to konieczne dla obrony lub dochodzenia przez <em>MARINA SUCHORSKA<\/em>&#8211;<em>PAWLACZYK QUADRAT<\/em> roszcze\u0144 w stosunku do U\u017cytkownik\u00f3w.<\/p>\n<p>PRAWO DO SPRZECIWU<\/p>\n<p>W ka\u017cdej chwili U\u017cytkownikom przys\u0142uguje prawo do wniesienia sprzeciwu wobec przetwarzania danych opisanych powy\u017cej. Przestaniemy przetwarza\u0107 dane w tych celach, chyba \u017ce b\u0119dziemy w stanie wykaza\u0107, \u017ce w stosunku do ww. danych istniej\u0105 dla nas wa\u017cne prawnie uzasadnione podstawy, kt\u00f3re s\u0105 nadrz\u0119dne wobec interes\u00f3w, praw i wolno\u015bci U\u017cytkownik\u00f3w lub dane te b\u0119d\u0105 nam niezb\u0119dne do ewentualnego ustalenia, dochodzenia lub obrony roszcze\u0144.<\/p>\n<p>Zgodnie z RODO U\u017cytkownikom przys\u0142uguje:<\/p>\n<ol>\n<li>prawo dost\u0119pu do swoich danych oraz otrzymania ich kopii;<\/li>\n<li>prawo do sprostowania (poprawiania) swoich danych;<\/li>\n<li>prawo do usuni\u0119cia danych, ograniczenia przetwarzania danych;<\/li>\n<li>prawo do wniesienia sprzeciwu wobec przetwarzania danych;<\/li>\n<li>prawo do przenoszenia danych;<\/li>\n<li>prawo do wniesienia skargi do organu nadzorczego.<\/li>\n<\/ol>\n<p>INFORMACJA O WYMOGU\/DOBROWOLNO\u015aCI PODANIA DANYCH<\/p>\n<p>Podanie danych ma charakter dobrowolny.[\/vc_column_text][dfd_spacer screen_wide_spacer_size=&#8221;100&#8243; screen_normal_resolution=&#8221;1024&#8243; screen_tablet_resolution=&#8221;800&#8243; screen_mobile_resolution=&#8221;480&#8243; tutorials=&#8221;&#8221;][\/vc_column][\/vc_row]<\/p>\n<\/div>","protected":false},"excerpt":{"rendered":"<p>[vc_row][vc_column][dfd_spacer screen_wide_spacer_size=&#8221;150&#8243; screen_normal_resolution=&#8221;1024&#8243; screen_tablet_resolution=&#8221;800&#8243; screen_mobile_resolution=&#8221;480&#8243;][dfd_heading subtitle=&#8221;&#8221; content_alignment=&#8221;text-left&#8221; enable_delimiter=&#8221;&#8221; undefined=&#8221;&#8221; title_font_options=&#8221;tag:h2&#8243; subtitle_font_options=&#8221;tag:div&#8221; title_google_fonts=&#8221;yes&#8221; title_custom_fonts=&#8221;font_family:Lato%3A100%2C100italic%2C300%2C300italic%2Cregular%2Citalic%2C700%2C700italic%2C900%2C900italic|font_style:100%20light%20regular%3A100%3Anormal&#8221;] Polityka prywatno\u015bci [\/dfd_heading][dfd_spacer screen_wide_spacer_size=&#8221;50&#8243; screen_normal_resolution=&#8221;1024&#8243; screen_tablet_resolution=&#8221;800&#8243; screen_mobile_resolution=&#8221;480&#8243;][\/vc_column][\/vc_row][vc_row][vc_column][vc_column_text]Wszelkie dane osobowe w portalu marinasuchorska.pl s\u0105 gromadzone oraz przechowywane zgodnie<\/p>\n","protected":false},"author":1,"featured_media":0,"parent":0,"menu_order":0,"comment_status":"closed","ping_status":"closed","template":"tmp-page.php","meta":{"footnotes":""},"class_list":["post-3","page","type-page","status-publish","hentry"],"yoast_head":"<!-- This site is optimized with the Yoast SEO plugin v26.8 - https:\/\/yoast.com\/product\/yoast-seo-wordpress\/ -->\n<title>Polityka prywatno\u015bci - Architekt, projektant wn\u0119trz Pozna\u0144<\/title>\n<meta name=\"robots\" content=\"noindex, follow\" \/>\n<meta property=\"og:locale\" content=\"pl_PL\" \/>\n<meta property=\"og:type\" content=\"article\" \/>\n<meta property=\"og:title\" content=\"Polityka prywatno\u015bci - Architekt, projektant wn\u0119trz Pozna\u0144\" \/>\n<meta property=\"og:description\" content=\"[vc_row][vc_column][dfd_spacer screen_wide_spacer_size=&#8221;150&#8243; screen_normal_resolution=&#8221;1024&#8243; screen_tablet_resolution=&#8221;800&#8243; screen_mobile_resolution=&#8221;480&#8243;][dfd_heading subtitle=&#8221;&#8221; content_alignment=&#8221;text-left&#8221; enable_delimiter=&#8221;&#8221; undefined=&#8221;&#8221; title_font_options=&#8221;tag:h2&#8243; subtitle_font_options=&#8221;tag:div&#8221; title_google_fonts=&#8221;yes&#8221; title_custom_fonts=&#8221;font_family:Lato%3A100%2C100italic%2C300%2C300italic%2Cregular%2Citalic%2C700%2C700italic%2C900%2C900italic|font_style:100%20light%20regular%3A100%3Anormal&#8221;] Polityka prywatno\u015bci [\/dfd_heading][dfd_spacer screen_wide_spacer_size=&#8221;50&#8243; screen_normal_resolution=&#8221;1024&#8243; screen_tablet_resolution=&#8221;800&#8243; screen_mobile_resolution=&#8221;480&#8243;][\/vc_column][\/vc_row][vc_row][vc_column][vc_column_text]Wszelkie dane osobowe w portalu marinasuchorska.pl s\u0105 gromadzone oraz przechowywane zgodnie\" \/>\n<meta property=\"og:url\" content=\"https:\/\/marinasuchorska.pl\/index.php\/polityka-prywatnosci\/\" \/>\n<meta property=\"og:site_name\" content=\"Architekt, projektant wn\u0119trz Pozna\u0144\" \/>\n<meta property=\"article:modified_time\" content=\"2020-03-13T18:35:59+00:00\" \/>\n<meta property=\"og:image\" content=\"https:\/\/marinasuchorska.pl\/wp-content\/uploads\/2020\/02\/DSC6309-HDR.jpg\" \/>\n\t<meta property=\"og:image:width\" content=\"2048\" \/>\n\t<meta property=\"og:image:height\" content=\"1366\" \/>\n\t<meta property=\"og:image:type\" content=\"image\/jpeg\" \/>\n<meta name=\"twitter:card\" content=\"summary_large_image\" \/>\n<meta name=\"twitter:label1\" content=\"Szacowany czas czytania\" \/>\n\t<meta name=\"twitter:data1\" content=\"3 minuty\" \/>\n<script type=\"application\/ld+json\" class=\"yoast-schema-graph\">{\"@context\":\"https:\/\/schema.org\",\"@graph\":[{\"@type\":\"WebPage\",\"@id\":\"https:\/\/marinasuchorska.pl\/index.php\/polityka-prywatnosci\/\",\"url\":\"https:\/\/marinasuchorska.pl\/index.php\/polityka-prywatnosci\/\",\"name\":\"Polityka prywatno\u015bci - Architekt, projektant wn\u0119trz Pozna\u0144\",\"isPartOf\":{\"@id\":\"https:\/\/marinasuchorska.pl\/#website\"},\"datePublished\":\"2020-02-26T08:43:54+00:00\",\"dateModified\":\"2020-03-13T18:35:59+00:00\",\"breadcrumb\":{\"@id\":\"https:\/\/marinasuchorska.pl\/index.php\/polityka-prywatnosci\/#breadcrumb\"},\"inLanguage\":\"pl-PL\",\"potentialAction\":[{\"@type\":\"ReadAction\",\"target\":[\"https:\/\/marinasuchorska.pl\/index.php\/polityka-prywatnosci\/\"]}]},{\"@type\":\"BreadcrumbList\",\"@id\":\"https:\/\/marinasuchorska.pl\/index.php\/polityka-prywatnosci\/#breadcrumb\",\"itemListElement\":[{\"@type\":\"ListItem\",\"position\":1,\"name\":\"Strona g\u0142\u00f3wna\",\"item\":\"https:\/\/marinasuchorska.pl\/\"},{\"@type\":\"ListItem\",\"position\":2,\"name\":\"Polityka prywatno\u015bci\"}]},{\"@type\":\"WebSite\",\"@id\":\"https:\/\/marinasuchorska.pl\/#website\",\"url\":\"https:\/\/marinasuchorska.pl\/\",\"name\":\"Architekt, projektant wn\u0119trz Pozna\u0144\",\"description\":\"Marina Suchorska\",\"publisher\":{\"@id\":\"https:\/\/marinasuchorska.pl\/#organization\"},\"potentialAction\":[{\"@type\":\"SearchAction\",\"target\":{\"@type\":\"EntryPoint\",\"urlTemplate\":\"https:\/\/marinasuchorska.pl\/?s={search_term_string}\"},\"query-input\":{\"@type\":\"PropertyValueSpecification\",\"valueRequired\":true,\"valueName\":\"search_term_string\"}}],\"inLanguage\":\"pl-PL\"},{\"@type\":\"Organization\",\"@id\":\"https:\/\/marinasuchorska.pl\/#organization\",\"name\":\"QUADRAT Marina Suchorska-Pawlaczyk\",\"url\":\"https:\/\/marinasuchorska.pl\/\",\"logo\":{\"@type\":\"ImageObject\",\"inLanguage\":\"pl-PL\",\"@id\":\"https:\/\/marinasuchorska.pl\/#\/schema\/logo\/image\/\",\"url\":\"https:\/\/marinasuchorska.pl\/wp-content\/uploads\/2020\/03\/logo-marina-suchorska.png\",\"contentUrl\":\"https:\/\/marinasuchorska.pl\/wp-content\/uploads\/2020\/03\/logo-marina-suchorska.png\",\"width\":612,\"height\":276,\"caption\":\"QUADRAT Marina Suchorska-Pawlaczyk\"},\"image\":{\"@id\":\"https:\/\/marinasuchorska.pl\/#\/schema\/logo\/image\/\"},\"sameAs\":[\"https:\/\/www.instagram.com\/ms_architektura_wnetrz\/\"]}]}<\/script>\n<!-- \/ Yoast SEO plugin. -->","yoast_head_json":{"title":"Polityka prywatno\u015bci - Architekt, projektant wn\u0119trz Pozna\u0144","robots":{"index":"noindex","follow":"follow"},"og_locale":"pl_PL","og_type":"article","og_title":"Polityka prywatno\u015bci - Architekt, projektant wn\u0119trz Pozna\u0144","og_description":"[vc_row][vc_column][dfd_spacer screen_wide_spacer_size=&#8221;150&#8243; screen_normal_resolution=&#8221;1024&#8243; screen_tablet_resolution=&#8221;800&#8243; screen_mobile_resolution=&#8221;480&#8243;][dfd_heading subtitle=&#8221;&#8221; content_alignment=&#8221;text-left&#8221; enable_delimiter=&#8221;&#8221; undefined=&#8221;&#8221; title_font_options=&#8221;tag:h2&#8243; subtitle_font_options=&#8221;tag:div&#8221; title_google_fonts=&#8221;yes&#8221; title_custom_fonts=&#8221;font_family:Lato%3A100%2C100italic%2C300%2C300italic%2Cregular%2Citalic%2C700%2C700italic%2C900%2C900italic|font_style:100%20light%20regular%3A100%3Anormal&#8221;] Polityka prywatno\u015bci [\/dfd_heading][dfd_spacer screen_wide_spacer_size=&#8221;50&#8243; screen_normal_resolution=&#8221;1024&#8243; screen_tablet_resolution=&#8221;800&#8243; screen_mobile_resolution=&#8221;480&#8243;][\/vc_column][\/vc_row][vc_row][vc_column][vc_column_text]Wszelkie dane osobowe w portalu marinasuchorska.pl s\u0105 gromadzone oraz przechowywane zgodnie","og_url":"https:\/\/marinasuchorska.pl\/index.php\/polityka-prywatnosci\/","og_site_name":"Architekt, projektant wn\u0119trz Pozna\u0144","article_modified_time":"2020-03-13T18:35:59+00:00","og_image":[{"width":2048,"height":1366,"url":"https:\/\/marinasuchorska.pl\/wp-content\/uploads\/2020\/02\/DSC6309-HDR.jpg","type":"image\/jpeg"}],"twitter_card":"summary_large_image","twitter_misc":{"Szacowany czas czytania":"3 minuty"},"schema":{"@context":"https:\/\/schema.org","@graph":[{"@type":"WebPage","@id":"https:\/\/marinasuchorska.pl\/index.php\/polityka-prywatnosci\/","url":"https:\/\/marinasuchorska.pl\/index.php\/polityka-prywatnosci\/","name":"Polityka prywatno\u015bci - Architekt, projektant wn\u0119trz Pozna\u0144","isPartOf":{"@id":"https:\/\/marinasuchorska.pl\/#website"},"datePublished":"2020-02-26T08:43:54+00:00","dateModified":"2020-03-13T18:35:59+00:00","breadcrumb":{"@id":"https:\/\/marinasuchorska.pl\/index.php\/polityka-prywatnosci\/#breadcrumb"},"inLanguage":"pl-PL","potentialAction":[{"@type":"ReadAction","target":["https:\/\/marinasuchorska.pl\/index.php\/polityka-prywatnosci\/"]}]},{"@type":"BreadcrumbList","@id":"https:\/\/marinasuchorska.pl\/index.php\/polityka-prywatnosci\/#breadcrumb","itemListElement":[{"@type":"ListItem","position":1,"name":"Strona g\u0142\u00f3wna","item":"https:\/\/marinasuchorska.pl\/"},{"@type":"ListItem","position":2,"name":"Polityka prywatno\u015bci"}]},{"@type":"WebSite","@id":"https:\/\/marinasuchorska.pl\/#website","url":"https:\/\/marinasuchorska.pl\/","name":"Architekt, projektant wn\u0119trz Pozna\u0144","description":"Marina Suchorska","publisher":{"@id":"https:\/\/marinasuchorska.pl\/#organization"},"potentialAction":[{"@type":"SearchAction","target":{"@type":"EntryPoint","urlTemplate":"https:\/\/marinasuchorska.pl\/?s={search_term_string}"},"query-input":{"@type":"PropertyValueSpecification","valueRequired":true,"valueName":"search_term_string"}}],"inLanguage":"pl-PL"},{"@type":"Organization","@id":"https:\/\/marinasuchorska.pl\/#organization","name":"QUADRAT Marina Suchorska-Pawlaczyk","url":"https:\/\/marinasuchorska.pl\/","logo":{"@type":"ImageObject","inLanguage":"pl-PL","@id":"https:\/\/marinasuchorska.pl\/#\/schema\/logo\/image\/","url":"https:\/\/marinasuchorska.pl\/wp-content\/uploads\/2020\/03\/logo-marina-suchorska.png","contentUrl":"https:\/\/marinasuchorska.pl\/wp-content\/uploads\/2020\/03\/logo-marina-suchorska.png","width":612,"height":276,"caption":"QUADRAT Marina Suchorska-Pawlaczyk"},"image":{"@id":"https:\/\/marinasuchorska.pl\/#\/schema\/logo\/image\/"},"sameAs":["https:\/\/www.instagram.com\/ms_architektura_wnetrz\/"]}]}},"_links":{"self":[{"href":"https:\/\/marinasuchorska.pl\/index.php\/wp-json\/wp\/v2\/pages\/3","targetHints":{"allow":["GET"]}}],"collection":[{"href":"https:\/\/marinasuchorska.pl\/index.php\/wp-json\/wp\/v2\/pages"}],"about":[{"href":"https:\/\/marinasuchorska.pl\/index.php\/wp-json\/wp\/v2\/types\/page"}],"author":[{"embeddable":true,"href":"https:\/\/marinasuchorska.pl\/index.php\/wp-json\/wp\/v2\/users\/1"}],"replies":[{"embeddable":true,"href":"https:\/\/marinasuchorska.pl\/index.php\/wp-json\/wp\/v2\/comments?post=3"}],"version-history":[{"count":4,"href":"https:\/\/marinasuchorska.pl\/index.php\/wp-json\/wp\/v2\/pages\/3\/revisions"}],"predecessor-version":[{"id":22688,"href":"https:\/\/marinasuchorska.pl\/index.php\/wp-json\/wp\/v2\/pages\/3\/revisions\/22688"}],"wp:attachment":[{"href":"https:\/\/marinasuchorska.pl\/index.php\/wp-json\/wp\/v2\/media?parent=3"}],"curies":[{"name":"wp","href":"https:\/\/api.w.org\/{rel}","templated":true}]}}